+ 2*h**2 - 5*h + 2. What is the remainder when k(3) is divided by t(-249)?
11
Let f(q) = q**3 - 2*q**2 + 4076*q - 16312. Let z(t) = -t**2 + t + 68. What is the remainder when z(0) is divided by f(4)?
20
Suppose -7 = -8*f + 25. Suppose 2*m = 4*m - 4*b - 174, 0 = 2*b + f. Let s(u) = u**2 - 5*u + 11. What is the remainder when m is divided by s(6)?
15
What is the remainder when 307 is divided by 32/(-36) + 1 + (-1924)/(-18)?
93
Let z(u) = -662 + 4*u - 657 + 1333. Let f(c) = -c**3 + 7*c**2 - 2*c + 1. Let r be f(6). Calculate the remainder when z(r) is divided by 58.
56
Let p(f) = -14*f - 11*f + 54 - 12*f + 24*f. What is the remainder when p(-5) is divided by 31?
26
Let w(s) = -s**3 - 23*s**2 + 25*s + 22. Let i be w(-24). What is the remainder when 594 is divided by ((-63)/12 + 2)*(i + -2)?
9
Suppose 0 = -5*h - 10, 7*v + 3*h + 4 = 6*v. Let r be 4095/75 - v/(-5). Let n = r - 51. What is the remainder when 16 is divided by n?
0
Let m = -19137 + 19149. Calculate the remainder when 1354 is divided by m.
10
Let d = 1624 + -1288. What is the remainder when d is divided by 13?
11
Let q(c) = -c + 32 + 2*c + 33 - 60. Suppose 3*b - 24 = -b. What is the remainder when 32 is divided by q(b)?
10
Let d = 109 + -77. Suppose 37*p = 35*p - d. Calculate the remainder when 10 is divided by (-52)/p - 3/12.
1
Suppose -25*x + 5*x + 126 = -2*x. Calculate the remainder when 666 is divided by x.
1
Suppose 2*z - 6 = z. Suppose -21565 = -24*g - 271*g + 68*g. Calculate the remainder when g is divided by z.
5
Let b = 2703 - 993. Suppose -12*c + b = 3*c. Calculate the remainder when c is divided by 5.
4
Suppose 21 = v + 7*w - 11*w, 0 = -4*v + 2*w + 56. Suppose p = -2*p + 5*n - 14, 2*n - 5 = p. Let l = p - -11. What is the remainder when v is divided by l?
5
Let u = 3 - 1. Suppose -98*i = -88*i - 60. Calculate the remainder when 3 - i*(-6)/12 is divided by u.
0
Let t(g) = 4*g**3 - 17*g**2 - 14*g - 2. Calculate the remainder when t(6) is divided by 56.
54
Let k(s) = -121*s - 1496. What is the remainder when k(-15) is divided by 14?
11
Suppose 0*a - a - 4*f = 12, -f + 123 = -5*a. Calculate the remainder when 55 is divided by (3 - a/(-9))*45.
10
Suppose -2*a - 56 = -2*o, -o = 28*a - 22*a - 49. Calculate the remainder when 648 is divided by o.
28
Let z(v) = -4*v**2 - v**2 - 5 - 5*v - 2*v**3 - 1 + 0. Suppose -2*q = -x + 6*x - 57, 4*q + 2*x - 90 = 0. What is the remainder when z(-4) is divided by q?
20
Let a(s) = 450*s - 3531. Let r(l) = 2*l + 34. Calculate the remainder when a(8) is divided by r(0).
1
Let m(z) = 29*z**2 + z - 1. Let r(k) = k + 7. Let q(g) = -3*g - 15. Let y(l) = -6*q(l) - 15*r(l). What is the remainder when m(1) is divided by y(7)?
5
Let r = 5375 - 5265. Calculate the remainder when 269 is divided by r.
49
Let x = -81 - -83. Let p(k) = 15*k**3 - 3*k**2 + x*k + 4*k**2 - 14*k**3 + 8 - k. Calculate the remainder when 29 is divided by p(0).
5
Let m be -1 - (6/15 - 119/35). Suppose 3*u - 4*z + 0*z = 49, m*u - 3*z = 31. What is the remainder when 80 is divided by u?
11
Let j be (5 - -10)/3 + 347/1. Let n = j + -301. Calculate the remainder when n is divided by 11.
7
Let x = 160 + -97. Suppose 0 = -20*h + 857 + x. What is the remainder when 412 is divided by h?
44
Suppose -542 = -r - v, 5*r - 1627 = 2*r - 4*v. Suppose -r*y + 66 = -535*y. What is the remainder when 6/4*(-200)/(-12) is divided by y?
3
Let x(i) = -5*i + 1 + 4*i - 4*i**3 + 2. Calculate the remainder when x(-3) is divided by -11 - (-884)/(57 - 31).
22
Let j(u) be the first derivative of -u**4/4 + 11*u**3/3 - 4*u**2 - 40*u - 43. What is the remainder when 247 is divided by j(9)?
47
Let w = -173 + 298. Suppose -4*z - f + 87 = -2*f, -5*z - 2*f = -w. Let i(a) = -a**3 - 2*a**2 + 13*a - 1. Calculate the remainder when i(-6) is divided by z.
19
Let i(a) = 5*a - 24. Let x be i(12). Suppose -2*b = 2*j - x, 3*b - b + 5*j - 36 = 0. Suppose 9 = -15*o + b*o. What is the remainder when 6 is divided by o?
0
Let p be -3 - 1*(0 + -6). What is the remainder when 4/(-26) + 2654*p/39 is divided by 41?
40
Let b = -245 - -203. Suppose -5*w + 282 = -4*j + 36, 2*w = -3*j + 103. What is the remainder when w is divided by (1 - -19) + b/6?
11
Let w = 17409 + -16655. What is the remainder when w is divided by 268?
218
Suppose 0 = -605*g + 559*g + 10258. Calculate the remainder when g is divided by 70.
13
Let d(l) = 5*l**3 + 2*l**2 - 60*l + 174. What is the remainder when 5582 is divided by d(3)?
143
Suppose 5*l + 3*o - 800 = -2*o, 4*l = -3*o + 642. Calculate the remainder when l is divided by 29.
17
Suppose 3*k - 95 = 928. Suppose k = 5*u - 404. Calculate the remainder when u is divided by 51.
47
Let c(g) = 7*g - 2*g**2 + 0 - 13*g + 22*g + 12. Let z be c(9). What is the remainder when 116/6 + (-1)/z*-2 is divided by 11?
8
Let x be -4 - (0 + 0 + 0). Let u = 629 + -509. What is the remainder when (-9)/6*u/x is divided by 8?
5
Let j(q) = -q**2 - 10*q - 3. Let f(w) = -w**2 + 7*w - 15. Let l be f(6). Let g be j(l). Suppose 4*v - g*v = -140. What is the remainder when v is divided by 18?
16
Calculate the remainder when 1931/3 + 6*(9/(-81))/1 is divided by 81.
76
Let k(a) = 45*a - 41. Let t be k(3). Let q = 569 - t. What is the remainder when q is divided by 9?
7
Suppose -11*p + 27926 + 190270 = 0. Suppose -37*f + p = -1291. Calculate the remainder when f is divided by 115.
111
Suppose -4*u + 64 = 5*g, -141*g - 4*u + 40 = -138*g. What is the remainder when 1567 is divided by g?
7
Suppose -6*r + 71 = -2*r + 3*x, 52 = 3*r + 2*x. Suppose 2*q - 52 = -r. What is the remainder when q is divided by 5?
4
Suppose 52*a + 9*a - 12516 = -23*a. Calculate the remainder when 629 is divided by a.
33
Let k = -30 - -75. Calculate the remainder when 51/4*1020/k is divided by 21.
16
Suppose 0 = -5*z + 23*o - 20*o + 657, z - 4*o = 128. Calculate the remainder when z is divided by 26.
2
Suppose 2*c + s - 1724 = 0, 337*s - 333*s = -5*c + 4301. Calculate the remainder when c is divided by 29.
24
Let r(m) = -m**2 - m + 84. Let d(j) = -4*j**2 - 704*j + 10. Calculate the remainder when r(0) is divided by d(-176).
4
Let g(n) = -n**3 - 3*n**2 + 6*n + 9. Let t be g(-4). Let v = 162 - 56. What is the remainder when (v - -11)/(0 + t) is divided by 30?
27
Let d = 147 + -141. Let y = 22 + -16. What is the remainder when (-3)/(-2*y/92) is divided by d?
5
Calculate the remainder when 2418 is divided by 248/18 + -4 - (-14)/63.
8
Calculate the remainder when 1/4 - 1518079/(-212) is divided by 29.
27
Let r = 707 + 1293. Calculate the remainder when r is divided by 400.
0
Let f(c) = -6*c**3 + 33*c**2 - 8*c + 10. Calculate the remainder when 127 is divided by f(5).
37
Suppose 10 = 6*g - 14. Suppose 88 = g*c + 32. Suppose -c*i + 210 = -0*i. What is the remainder when i is divided by 8?
7
Suppose -3*n + 276 + 1809 = 0. Suppose 0 = 11*y - 16*y + n. Calculate the remainder when y is divided by 72.
67
Suppose -r - 13*m = -14*m - 13, 5*m + 17 = 2*r. What is the remainder when 990 is divided by r?
14
Suppose -35*q - 32*q = -31*q - 3204. Calculate the remainder when 435 is divided by q.
79
Suppose -23*g + 1756 = -15. Suppose -6*f + g = 5. What is the remainder when 42 is divided by f?
6
Suppose -k = -8 - 11. Let r(n) = -1401*n - 4. Let c be r(-4). What is the remainder when (-8)/6 + c/60 is divided by k?
16
Let o = 4906 + -4844. Calculate the remainder when 43708 is divided by o.
60
Suppose -5*m = -126*r + 128*r - 1666, 2*r + m - 1722 = 0. Let c(o) = 22*o**2 - 2*o + 3. Calculate the remainder when r is divided by c(2).
85
Suppose -13*q + 2475 = 12*q. Suppose -104*c + q*c = -80. What is the remainder when 269 is divided by c?
13
Let k(y) = 17*y + 4. Let w be (-2)/(-6) + 40/15. Calculate the remainder when k(w) is divided by (-1 + 0 + 2)*(-51 + 80).
26
Let a(u) = 5 - 49*u + 3 - 50*u + 97*u. What is the remainder when 179 is divided by a(-14)?
35
Let v be ((-300)/14)/(45/(-420)). Calculate the remainder when 978 is divided by 9825/v + (-1)/8.
47
Let n = -323 + 631. Let v = n - 274. What is the remainder when 234 is divided by v?
30
Suppose -3 = -r - 3*i, 4*r - 12 = -3*i + 2*i. Suppose -3*l = -r*u - 132, -2*u - 13 = 2*l - 97. Calculate the remainder when l is divided by 22.
21
Let x(k) = -5*k - 16. Let h(b) = b + 1. Let p(l) = -6*h(l) - x(l). Let a be p(9). Calculate the remainder when 31 is d